 is -111 + -2?
-113
In base 12, what is -1b - 13?
-32
In base 15, what is -a6 + 1?
-a5
In base 10, what is -4422 + 3?
-4419
In base 5, what is 20 + 42?
112
In base 7, what is 1146 + -5?
1141
In base 13, what is -1 + -502?
-503
In base 11, what is -5 - 1a24?
-1a29
In base 16, what is -7 - 8?
-f
In base 14, what is -c + -11?
-1d
In base 15, what is -3 - -82?
7e
In base 4, what is -3231301 - -11?
-3231230
In base 12, what is -2 + 1a8?
1a6
In base 2, what is -101 - -111?
10
In base 13, what is -8 + a45?
a3a
In base 7, what is 10 + 2244?
2254
In base 11, what is 443 + -5?
439
In base 6, what is -5 + -34?
-43
In base 14, what is -2 + -76?
-78
In base 2, what is -111 + 10111001001?
10111000010
In base 4, what is 1100 + -10?
1030
In base 6, what is -1 + 422?
421
In base 14, what is -12ad + -1?
-12b0
In base 9, what is 112 + 254?
366
In base 7, what is -1414 - -31?
-1353
In base 8, what is 170 - -5?
175
In base 12, what is 0 + 1?
1
In base 6, what is -43 + 1?
-42
In base 9, what is -107 - 3?
-111
In base 5, what is -100 + 2?
-43
In base 15, what is -47 + -b?
-53
In base 8, what is 44 - 164?
-120
In base 11, what is -50a + -9?
-518
In base 2, what is -100001110010111 - 100?
-100001110011011
In base 4, what is 203 - 222?
-13
In base 2, what is 1001000100 - -1011?
1001001111
In base 15, what is 2 + -8?
-6
In base 4, what is 1000 + 201?
1201
In base 14, what is -1 - -321?
320
In base 7, what is -1643 - 2?
-1645
In base 16, what is -13 + -2?
-15
In base 11, what is -4 - 149?
-152
In base 8, what is 5 + -43?
-36
In base 14, what is -2 + 214d?
214b
In base 6, what is 2042 + 10?
2052
In base 15, what is 1bc + -9?
1b3
In base 13, what is -91 - 1?
-92
In base 16, what is -1f - 10?
-2f
In base 8, what is -2 - -36?
34
In base 6, what is 2445 + 40?
2525
In base 10, what is -1 - -548?
547
In base 3, what is 20 - 101?
-11
In base 10, what is -7 + -2265?
-2272
In base 4, what is 23330 + -3?
23321
In base 8, what is -55524 - 0?
-55524
In base 15, what is -8 + 63?
5a
In base 10, what is -2465 - 9?
-2474
In base 12, what is 581 - -11?
592
In base 2, what is 0 - -1?
1
In base 4, what is 2222 + -102?
2120
In base 11, what is -6 - 683?
-689
In base 10, what is -3925 + -4?
-3929
In base 7, what is 44 + -1220?
-1143
In base 13, what is 4 - b33?
-b2c
In base 6, what is -2 + -15205?
-15211
In base 9, what is -25 - 54?
-80
In base 14, what is 3d0b - -5?
3d12
In base 7, what is -66 + 3?
-63
In base 6, what is -1 + -135?
-140
In base 8, what is 23 - 3?
20
In base 9, what is 5 - -203?
208
In base 8, what is -11 - -24?
13
In base 15, what is -4 - -38?
34
In base 7, what is 2 + 124?
126
In base 10, what is -46 + -72?
-118
In base 8, what is 174 + -5?
167
In base 5, what is -2122 - -4?
-2113
In base 4, what is 3023 + 1?
3030
In base 6, what is -44 + 3?
-41
In base 12, what is -2 - 2b?
-31
In base 10, what is -8 - 9?
-17
In base 16, what is -1586 - -5?
-1581
In base 5, what is -120 - -111?
-4
In base 11, what is -5 - a6?
-100
In base 5, what is -31423 - -2?
-31421
In base 12, what is -3 + -41?
-44
In base 6, what is -54 - -5?
-45
In base 6, what is 4 + 121?
125
In base 13, what is -5 + -12cb?
-1303
In base 14, what is 5 + 15?
1a
In base 9, what is 42 - -7?
50
In base 10, what is 1019 - 0?
1019
In base 9, what is -7 + 0?
-7
In base 9, what is -458 - 6?
-465
In base 5, what is -102 + 0?
-102
In base 7, what is -461 - 3?
-464
In base 9, what is -67 - 13?
-81
In base 13, what is -3385 - 4?
-3389
In base 7, what is -5 + 1115?
1110
In base 14, what is 5 + 5?
a
In base 3, what is 2 + -2100120?
-2100111
In base 15, what is 7 + 113?
11a
In base 16, what is -9 - -1f7?
1ee
In base 14, what is -146c - 3?
-1471
In base 10, what is -236 - -2?
-234
In base 5, what is -34 - 2240?
-2324
In base 2, what is 11010010010 - -1100?
11010011110
In base 9, what is 121 - 14?
106
In base 12, what is 4 - 32?
-2a
In base 13, what is -1 + 17ca?
17c9
In base 6, what is -5 + 13?
4
In base 2, what is 111 - -1011?
10010
In base 14, what is -61 - -1?
-60
In base 8, what is -1 + -653?
-654
In base 3, what is 11020 - 10?
11010
In base 4, what is 1 + -121320?
-121313
In base 9, what is 0 + 3346?
3346
In base 11, what is 0 - 4895?
-4895
In base 4, what is -1220 + 1110?
-110
In base 5, what is -11 + 14403?
14342
In base 15, what is -3 - 53d?
-541
In base 3, what is -101 - 10?
-111
In base 2, what is 110 + -111?
-1
In base 12, what is -125 + 78?
-69
In base 11, what is 321 + -4?
318
In base 6, what is 30 + -315?
-245
In base 5, what is 2 - -3410?
3412
In base 8, what is -4453 + 0?
-4453
In base 5, what is 13040 + 0?
13040
In base 11, what is 3 + 3?
6
In base 9, what is -3 - -232?
228
In base 4, what is 2 + 1032?
1100
In base 13, what is -2 - -5?
3
In base 4, what is 10 - -1311322?
1311332
In base 2, what is 10010100 - -1?
10010101
In base 16, what is -1 + 0?
-1
In base 12, what is 20a + 4?
212
In base 15, what is -4 + -1333?
-1337
In base 6, what is 14542 - 5?
14533
In base 7, what is -4216 - -4?
-4212
In base 5, what is 11 + 1331?
1342
In base 13, what is -cb - -20?
-ab
In base 14, what is a + -22?
-16
In base 15, what is -1 - -6a?
69
In base 7, what is 5 + -664?
-656
In base 8, what is 4 + -57?
-53
In base 11, what is 20 - 44a?
-42a
In base 3, what is -211202 + -21?
-212000
In base 4, what is 1231 + 3?
1300
In base 5, what is -31200 - 10?
-31210
In base 9, what is 0 - 2?
-2
In base 6, what is -15 + -324?
-343
In base 4, what is 1 - 3130?
-3123
In base 15, what is b8 + 0?
b8
In base 5, what is -32 + 22?
-10
In base 14, what is -572 - 4?
-576
In base 10, what is 101 - 5?
96
In base 13, what is -256 - 5?
-25b
In base 8, what is -5 - 2243?
-2250
In base 14, what is -12 + c?
-4
In base 7, what is 1315 + 3?
1321
In base 10, what is 58 + 8?
66
In base 6, what is -1 + -312?
-313
In base 2, what is 10000111 - 101?
10000010
In base 13, what is 155 - a?
148
In base 11, what is 2 - -5?
7
In base 2, what is 10111111110 + -100?
10111111010
In base 8, what is 5 + -274?
-267
In base 4, what is -11 - 122?
-133
In base 2, what is -11 - -1111?
1100
In base 14, what is 0 - -1b?
1b
In base 7, what is 414 + 21?
435
In base 4, what is -101 + -10?
-111
In base 6, what is -4 - -135?
131
In base 10, what is 52 + -59?
-7
In base 6, what is -51232 + 0?
-51232
In base 2, what is -1001101 - -100?
-1001001
In base 4, what is -30 - 32?
-122
In base 12, what is -14 + a?
-6
In base 7, what is -5 + -3414?
-3422
In base 7, what is 6 - -21103?
21112
In base 6, what is 4 - 240?
-232
In base 2, what is -110011011 + -101?
-110100000
In base 15, what is 8 - -39d?
3a6
In base 9, what is 3 + -131?
-127
In base 5, what is 203 + -10?
143
In base 4, what is -132 + -2?
-200
In base 16, what is -1 - 335?
-336
In base 12, what is 1 - -6a?
6b
In base 10, what is 316 + -3?
313
In base 8, what is 241 + 0?
241
In base 11, what is -17 + 0?
-17
In base 2, what is 101 + -100100001000?
-100100000011
In base 14, what is 16 + -69?
-53
In base 8, what is 271 - -26?
317
In base 4, what is 132 + 31?
223
In base 5, what is 11 + 32?
43
In base 4, what is 0 + -1233?
-1233
In base 14, what is 2 - -240?
242
In base 2, what is -10110111 + -101?
-10111100
In base 5, what is -20202 - 4?
-20211
In base 9, what is 45 + -3?
42
In base 9, what is 116 - -17?
134
In base 6, what is -1 + -125?
-130
In base 10, what is -124 - 4?
-128
In base 3, what is -120021220 + -10?
-120022000
In base 16, what is -1e6 + 23?
-1c3
In base 16, what is 19 - -10?
29
In base 15, what is 1c8 + 3?
1cb
In base 14, what is 0 + 3?
3
In base 16, what is -50 - -48?
-8
In base 2, what is -1110101 + 101?
-1110000
In base 12, what is -67 - -1?
-66
In base 9, what is 65 + -10?
55
In base 12, what is b + 17?
26
In base 5, what is 203 + -4?
144
In base 8, what is 4 - 3410?
-3404
In base 9, what is 1 - -107?
108
In base 16, what is -4 - 1e4?
-1e8
In base 10, what is 10 + -7?
3
In base 5, what is 243 - 4?
234
In base 16, what is 17 - -3?
1a
In base 8, what is 341 - -5?
346
In base 5, what is -20 + -11124?
-11144
In base 2, what is 110011000 + -11?
110010101
In base 15, what is -2 + 2d?
2b
In base 15, what is -32 + -14?
-46
In base 2, what is -11110 + -1010?
-101000
In base 15, what is -5 + -18?
-1d
In base 12, what is 303 + 4?
307
In base 7, what is -2 - -46?
44
In base 3, what is 10 + -101211?
-101201
In base 14, what is -7 + -